 -2*f + 2 - 8. Determine z(f).
-5
Let q(y) = 7*y - 41. Suppose -19*o = -73*o + 324. What is q(o)?
1
Let d(b) = 246*b + 28. Let t(l) = -167*l - 19. Let m(x) = -5*d(x) - 7*t(x). What is m(3)?
-190
Let a(d) = d**3 + 9*d**2 + 11*d - 5. Let r be a(-4). Let i = r - 31. Suppose i*x - 2*c + 5 = -x, -5*x - 19 = -4*c. Let l(w) = w - 3. Calculate l(x).
-6
Suppose 2*v - 266 = -72. Suppose -44*u - v = 79. Let x(i) = -i + 1. What is x(u)?
5
Let c(a) = 87*a**2 - 14*a + 17. Let n(t) = 70*t**2 - 15*t + 16. Let v(k) = -4*c(k) + 5*n(k). What is v(8)?
-12
Let z(x) = -x + 2. Let v be 13 - (-4 - (4 + -11)). Suppose -v*b + 111 = 31. Determine z(b).
-6
Let i(n) = 6*n + 1. Let x be 12*(6/(-12) - -3). Let f be 39/9 + (-10)/x - -1. Give i(f).
31
Suppose -8 = 4*j + 2*d, -j - 11 = -2*d - 2*d. Let m(o) be the first derivative of 3*o**2/2 + 4*o + 3713. Determine m(j).
-5
Let s(m) = -27*m + 3001. Let g be s(111). Let v be -1 - (-1)/2*6. Let z(a) = a**2 - a + 4*a - v*a**2 + 3 - 4. Calculate z(g).
-5
Suppose -9*r + 4*r = -c - 24, -5*r - c = -26. Let b(d) = d**2 - 7*d + 5. Give b(r).
-5
Suppose 0 = c - 3*u + 76 - 90, -18 = -2*c + 4*u. Let n(q) = -2*q - 4. Determine n(c).
-2
Let u = 139 - 131. Let l(r) = -r**2 + 18*r - 69. What is l(u)?
11
Let x(b) = -7*b - 2. Let l = 29 + -24. Let z be -3*(-1)/(-5) + 33/l. Suppose 3*q + z = -k + 4*k, -4*k - 5*q = 28. Calculate x(k).
12
Let u be (-32)/(-1 + -3 - -2). Suppose 4*n = 4*z + u, 0 = 3*n - 4*z + 5*z. Let y be (n + 3 - 3)/(-1). Let t(j) = j**2 + j + 1. Determine t(y).
1
Let s(t) = -t**3 - 6*t**2 - 5*t. Let d be 124*(-1)/(-9) - 36/(-162). Suppose 2*m + 2*y + d = 0, -y + 1 = m - 2*m. Give s(m).
-12
Let w be (-6)/1 - (-3 - -2). Let m be 3/(3 - (-120)/(-35)). Let t = m - w. Let q(z) = -3*z**2 + 2. Calculate q(t).
-10
Suppose 9*g - 15 = 39. Let i(r) = -5*r**2 + 27*r + 17. Let l(s) = -6*s**2 + 29*s + 17. Let p(j) = g*l(j) - 7*i(j). Calculate p(-14).
-3
Let x(z) = -2*z**2 - 84*z - 2. Let w be x(-42). Let b(v) = 4*v**3 + v**2 + v + 4. What is b(w)?
-26
Suppose 0 = -q + m - 9, -106*q + 107*q + 5*m = 15. Let u(j) = j**3 + 2*j**2 - 7*j - 6. Determine u(q).
-46
Let v(f) = -f. Suppose 37*a = 71*a + 68. Let w(t) = t - 17. Let g(l) = a*v(l) + w(l). What is g(8)?
7
Let n(o) be the third derivative of 1/24*o**4 - 24*o**2 + 2/3*o**3 - 1/120*o**6 + 0*o + 0 - 1/20*o**5. Determine n(-4).
16
Let c(d) = 1 + d - 11*d**2 + 7*d**2 - d**3 + 5*d**2 - 2*d. Let y(f) = -f**2 + 6 - 2*f + 4*f**3 + 0*f**2 + 7*f**2 - 3*f**2. Let t(k) = 3*c(k) + y(k). Give t(-7).
-5
Let d(i) = 2*i**2 - i. Let o = 446 - 259. Let b = 186 - o. Give d(b).
3
Suppose 4*n - 12 = -4*l, 0 = 2*l - 2*n + 6. Suppose 0 = s + 5*k - 42, -k = 2*s - l*k - 39. Let b(r) = -2 - 21*r**2 + 0 + 37*r**2 + 4*r - s*r**2. Give b(3).
1
Let q(f) = 9*f**3 + 3*f**2 - 3. Let c be q(-1). Let j(o) = 2*o**3 + 20*o**2 + 5*o + 11. Give j(c).
128
Let y(h) be the second derivative of -7/6*h**3 + 2*h**2 + 0 + 1/12*h**4 - 189*h. Give y(6).
-2
Let f(o) be the first derivative of o**4/4 + 5*o**3 - 57*o**2/2 - 10*o + 11075. Calculate f(-18).
44
Suppose 4*t + 24 = 2*x, -4*t + 22 = x - 8*t. Let d be (-10)/x*5/(-5). Let y(s) = -7*s - 30*s**2 + s - 29*s**2 + 60*s**2 + 6 - 2. Calculate y(d).
-1
Let y(g) be the first derivative of g**4/12 - 17*g**3/6 - 45*g**2/2 - 8. Let x(b) be the second derivative of y(b). What is x(7)?
-3
Let b(g) = g**2 - 5*g - 6. Let h(v) = -2*v**2 + 5*v + 7. Let i(y) = 4*b(y) + 3*h(y). Suppose -3*z - 20 = s, 3*s = -5*z + 90 - 130. Give i(z).
-28
Let q(s) = 458*s + 35*s**2 + 6*s**2 - 11 - 450*s. Let u(j) = -14*j**2 - 3*j + 4. Let c(z) = -3*q(z) - 8*u(z). Give c(1).
-10
Let b(h) = 5*h**3 + 19*h**2 - 10*h - 8. Let q(y) = -4*y**3 - 15*y**2 + 9*y + 10. Let r(w) = 5*b(w) + 6*q(w). Calculate r(-5).
0
Let n = 7306 + -7320. Let i(a) = a**2 + 13*a - 8. Give i(n).
6
Let f(k) = -2*k**2 + 8*k + 1. Let p(v) = -v. Let n(g) = 2*f(g) + 4*p(g). Let x be n(3). Let h(l) = -3*l - x*l**2 + 36 - 34 + 3*l. What is h(-2)?
-6
Let q(j) = j + 4. Let y(l) = -l - 7. Let w(r) = -9*q(r) - 5*y(r). Give w(6).
-25
Let y(g) be the third derivative of -g**6/144 + g**5/120 - g**4 - 27*g**2. Let l(k) be the second derivative of y(k). Determine l(1).
-4
Let d(i) be the third derivative of -1/3*i**3 - 7/24*i**4 + 3*i + 1/60*i**5 + 28*i**2 + 0. What is d(7)?
-2
Let t(r) = -10*r + 10. Suppose 7*s = -s + 483 - 467. Calculate t(s).
-10
Let k(d) = -262*d + 82*d + 92*d + 88*d + 11*d**2. Suppose 0 = -5*u + 1 - 6. What is k(u)?
11
Let s(h) = -h**3 - 8*h**2 - 15*h - 18. Let b be s(-6). Let r = 28 + -21. Let f(t) = -r*t - 2 + 6*t - 7. What is f(b)?
-9
Let k(g) = -7*g**3 - 4*g**2 - 3*g - 1. Let q = 2754 - 2755. Calculate k(q).
5
Let j(s) = 22*s. Suppose 0 = -r - 19*v + 15*v + 35, 0 = 2*r - 2*v - 50. Suppose 6*d - 84 = 3*d. Let a = r - d. Calculate j(a).
-22
Let y(n) = n**2 + 7*n - 8. Let v be -1 + (-2 - (-3 - (-2)/(-1))). Let r be v*(-50)/(-8)*(4 + -2). Let w = r - 33. Determine y(w).
0
Let o(r) = -r**2 - r - 2. Suppose 52 = 9*u + 34. Suppose -12 = m - 2*t, u*m + 3*m + 24 = t. What is o(m)?
-14
Suppose -o + 16 = 3*o. Suppose -5*x - 10*m + 25 = -5*m, 8 = o*m. Let v(j) = 4*j + 4. Determine v(x).
16
Suppose 173*g + 33 = -5*s + 169*g, -3*g = -5*s - 19. Suppose 0 = j + 4 - 7. Let z(x) = 0*x**3 - 2*x**2 + 2*x**3 - 5*x - 6 - 3*x**j - 4*x**2. Determine z(s).
-6
Let f(o) be the first derivative of 4*o + 71 - 1/2*o**2. Give f(0).
4
Let j(r) = 3*r**3 - r + 3*r**3 + 20*r**2 - 5*r**3 + 18 - 35*r**2. Let i = -282 - -297. Calculate j(i).
3
Let f(k) = 7*k**3 - 34*k**2 + 54*k - 262. Let d(b) = 3*b**3 - 18*b**2 + 27*b - 131. Let t(x) = 5*d(x) - 2*f(x). Calculate t(21).
-5
Let t(s) = 6*s**3 - 21*s**2 + 1 - s + 22*s**2 - 2. Let l = 3142 + -3143. What is t(l)?
-5
Let s(m) = -m + 11 - 3*m - 2 - 2*m. Let x(a) = -5*a + 10. Let o(y) = 3*s(y) - 4*x(y). Determine o(5).
-3
Let i(o) = -o**2 + 279*o - 113. Let r(d) = 66*d - 29. Let z(t) = -2*i(t) + 9*r(t). Give z(-18).
-35
Suppose 154*o - 157*o + p + 27 = 0, 3*p = -9. Let r(q) = -6*q - 3 + 5 + 15 + 3*q. Determine r(o).
-7
Let m(u) = -2*u**3 + 15*u**2 + 8*u + 3. Let i be m(8). Let r(h) = 2*h**3 - 4*h**2 + 6*h - 9. What is r(i)?
27
Let s(z) = z**2 + 9*z - 13. Let l(d) = -2*d**2 - 17*d + 26. Let g(u) = 3*l(u) + 5*s(u). Suppose 5*f + 70 = -4*v, -f + 5*v + 3 = -12. Determine g(f).
-27
Let u(v) be the first derivative of v**5/20 + 5*v**4/12 - 7*v**2/2 - 23*v - 9. Let i(p) be the first derivative of u(p). What is i(-6)?
-43
Let g(i) = -i**3 + 3*i**2 + 8*i - 12. Let k(w) = 79*w + 86. Let u be k(6). Let d be (-1)/10 + 2296/u. Determine g(d).
4
Let b(q) be the first derivative of q**4/4 - 8*q**3/3 + 7*q**2/2 - 7*q - 565. Give b(7).
-7
Let w(z) = -12*z**2 + z - 1. Suppose -h + 21 = -3*b + 33, 2*b - 4*h - 28 = 0. Calculate w(b).
-47
Suppose o + o = 5*n - 32, 8 = 2*n. Let u = 228 + -220. Let z(h) = -6*h - u*h - 114*h**2 + 7*h - 4 + 113*h**2. Calculate z(o).
2
Let o be 2*3/6 - 3 - -6. Let i be ((-3)/o)/(2/(-8)). Let y(u) = -2*u + 2*u**2 + 1 - 17*u**i + 34*u**3 - 10*u**3. Calculate y(1).
8
Let m(l) be the second derivative of -13*l**3/3 - l**2 + 1627*l. Give m(1).
-28
Let h(p) = 3*p**3 - 2*p + 1. Let r = -93 - -33. Suppose 11*j = 8*j + 183. Let w = j + r. Calculate h(w).
2
Let j be -1 + (-29 - 0/(-19)). Let l(v) = -2*v**3 - 60*v**2 - v - 34. Calculate l(j).
-4
Let k(z) = -11 - 4932*z - 2 - 3 + 4938*z. Calculate k(-6).
-52
Let v(w) be the first derivative of -26 - 1/4*w**4 - 7/3*w**3 - 9/2*w**2 - 7*w. Let l = 13 - 19. Determine v(l).
11
Let t(l) be the second derivative of -l**5/30 + l**4/6 + l**3/6 + 132*l**2 - 2*l + 58. Let c(x) be the first derivative of t(x). Calculate c(4).
-15
Let h = 281 + -111. Let v(o) = -15 + h*o - 85*o - 86*o. What is v(-9)?
-6
Let x be (-2 + 3)*1*16. Let m = x + -19. Let f be 0 + 4 + m + 1. Let b(v) = -3*v**2 + 4*v - 3. What is b(f)?
-7
Let g(r) = -r**3 + 36*r**2 + 3*r - 98. Let a be ((-9268)/(-238) - 3) + 5/85. Give g(a).
10
Let j = -8 + 24. Let z = j + -9. Let g(v) be the second derivative of v**3/6 - v**2 + 8*v - 9. Calculate g(z).
5
Let h(v) = v**3 - 17*v**2 + 19*v - 9. Let s = 15522 - 15506. What is h(s)?
39
Let q(a) = -a**2 - 8*a + 8. Let f(h) = -2*h**2 - 3*h + 3. Let r be f(3). Suppose -3*p + 5*s = -25, 4*s - 13 = 3. Let z = r + p. Give q(z).
-1
Let y(t) = -t - 1. Suppose 2*x - 2 = 2*r, 0 = -x - 14*r + 9*r + 19. Suppose